**3 + 0*m + 1/60*m**5 + 1/24*m**4. What is the remainder when 27 is divided by i(-3)?
3
Suppose -5*z = 3*p - 8 - 10, 4*z + 5*p = 17. Suppose 0 = -3*l + 9, 0*x - x = -5*l + 6. Suppose -3*r + x = z. Calculate the remainder when 3 is divided by r.
1
Suppose 0 = 2*d - 9 - 15. Suppose -5*u = -5*x - 480, 4*u - 227 = -3*x + 136. What is the remainder when u is divided by d?
9
Suppose 3*t = 5*t - 1760. Suppose 22*p - 6*p - t = 0. What is the remainder when p is divided by 14?
13
Let j(c) = c**3 + 6*c**2 + c - 5. Let b be j(-6). Let d(o) = -o**2 - 16*o - 13. What is the remainder when d(b) is divided by ((-3)/(-3))/(13/143)?
9
Let r = -21 - 12. Let u = 46 + r. Suppose 0 = -5*n - 20, 0 = 2*v + v - n - 73. What is the remainder when v is divided by u?
10
Let p be 7/21 - 502/3. Let n = 89 + p. What is the remainder when ((-4)/6)/(2/n) is divided by 10?
6
Suppose -2*y + 3*g + 81 = -2*g, 0 = 3*y - 5*g - 124. What is the remainder when 343 is divided by y?
42
Suppose -702 + 121 = -7*i. Calculate the remainder when 206 is divided by i.
40
What is the remainder when 43 is divided by (-66)/(-4)*44/33?
21
Suppose 0*u + 397 = 2*f - u, 0 = -3*u - 15. What is the remainder when f is divided by 9?
7
Suppose 5*x - 4*x = -18. Let h(f) = -f - 17. Suppose 2*p + 0 = 2. What is the remainder when p is divided by h(x)?
0
Let i = -407 - -436. What is the remainder when i is divided by 16?
13
Suppose 5*t + 3*g - 369 = 0, -4*g - g = -t + 57. Calculate the remainder when 51 is divided by ((-5)/3)/(-6 - (-426)/t).
11
Let w = -56 - -59. Suppose -113 = -w*n - b + 9, 3*n = 5*b + 92. What is the remainder when n is divided by 7?
4
Suppose 3*z - 2 = 5*u, 2*u = -z - 2*u + 12. Let k be 43 - (4 + -4)/z. Suppose 37 = 4*s - k. Calculate the remainder when 39 is divided by s.
19
Let b(y) = y**2 - 6*y - 82. Calculate the remainder when b(19) is divided by 14.
11
Calculate the remainder when 60 is divided by -1 + 21 + (2/(-1) - -3).
18
Suppose -74 + 2424 = 5*w. Suppose -22*u + w = -17*u. Calculate the remainder when u is divided by 19.
18
Let j(n) = -n**3 - 6*n**2 + 4*n + 19. Calculate the remainder when j(-7) is divided by 3.
1
Calculate the remainder when 1 - (-2 - -7) - -10 is divided by 5.
1
Let k = 10 - 5. Suppose k*w - 4*w = 8. What is the remainder when (-64)/(-3) - (-4)/6 is divided by w?
6
Let a(l) = 342*l - 136. What is the remainder when a(2) is divided by 111?
104
Suppose 55 - 155 = -2*z. Let i be (-42 + -4)/((1 - 0) + -2). Suppose -b - q + i = 4*q, 0 = -4*b + 3*q + 92. Calculate the remainder when z is divided by b.
24
Suppose 6*c = -197 + 569. What is the remainder when c is divided by 38?
24
Suppose -b - 2*s - 24 = 0, 5*b + 2*s + 180 = 4*s. What is the remainder when 70 is divided by ((-108)/(-21))/(b/(-28) + -1)?
22
Suppose -1840 = -0*u - 10*u. What is the remainder when u is divided by 24?
16
Let f(g) = g**3 - 4*g**2 - 5*g. Let d be f(5). Suppose d = p - 1, -3*n - p + 101 = 4*p. Calculate the remainder when n is divided by 11.
10
Let t(b) = -203*b**2 + 3*b. Let q be t(-1). Let v = 302 + q. Calculate the remainder when v is divided by 33.
30
Let m = 79 - -170. Calculate the remainder when m is divided by 36.
33
What is the remainder when (-1)/((-1)/28 - 0) is divided by 23 + -21*9/27?
12
Suppose -279 + 71 = -8*g. Let m(v) = 4*v - 3. Calculate the remainder when g is divided by m(5).
9
Let u(v) = v + 5. Suppose 0 = -4*l + 6*l - 4. Calculate the remainder when 91/l + 2/4 is divided by u(7).
10
Suppose -3*u + j = -145, 4*j - 231 = -5*u + 3*j. What is the remainder when u is divided by (5/((-15)/(-28)))/((-15)/(315/(-14)))?
5
Suppose -86 = 6*j - 110. Calculate the remainder when 30 is divided by j.
2
Suppose -402 = 6*v - 492. Let l be (5*(-3 - -2))/(-1). Calculate the remainder when v is divided by 29/l - 2/(-10).
3
Let p be (1 - 24/18)/(2/12). What is the remainder when 19 is divided by (-28)/2*(7 + 15/p)?
5
Let i = 15 - 45. Calculate the remainder when 149 + 4/10 + 42/i is divided by 38.
34
What is the remainder when 2 + 10 - (-177 + 5) is divided by 39?
28
Suppose -2*g - 12 = -28. Let p be 94/(-3) - 2/3. Let v = p - -55. What is the remainder when v is divided by g?
7
Suppose -15 - 81 = -4*f. What is the remainder when 358 is divided by f?
22
Suppose -4*i + 7*j - 26 = 4*j, i = 5*j - 15. Calculate the remainder when 55 is divided by 3/(1 - -4*1/i).
10
Let w = -10 + 46. Calculate the remainder when 121 is divided by w.
13
Suppose -76*c + 63*c + 1170 = 0. What is the remainder when c is divided by 26?
12
Suppose -n = 4*x - 115, 3*x - 215 = 5*n - 790. Calculate the remainder when n is divided by 61.
54
Suppose z + 4 = 2*z. Suppose z*m - 29 = 31. Let k(p) = p + 59. Calculate the remainder when k(-15) is divided by m.
14
Let o = -530 + 626. Calculate the remainder when 1247 is divided by o.
95
Let f be 1391/(-26) + 3/(-2). What is the remainder when f/(-20) + (10/8 - 1) is divided by 3?
0
Let t be -8*2/(-6)*3. Suppose -4*u + 2*i + t = 0, -4*u + 0*i = i - 20. Suppose 300 = u*p + 2*p. What is the remainder when p is divided by 13?
11
Calculate the remainder when (-4)/(-10) - -4*3372/80 is divided by 34.
33
Let t be ((-10)/(-4))/((-4)/(-8)). Suppose -4*v + 8 = 4*c, 0 = t*c - 5*v - 54 - 6. What is the remainder when c is divided by 4?
3
Calculate the remainder when (-4)/(-8)*(-4 - -118) is divided by 33.
24
Let v = -565 + 1281. Calculate the remainder when v is divided by 36.
32
Let n = -50 - -96. Let j(d) = 6*d - 6. What is the remainder when n is divided by j(5)?
22
Let j(s) = 2*s + 27. Let f be j(16). Suppose -f = -q - 4. Calculate the remainder when q is divided by 15.
10
Let t(r) = -1. Let b(s) = 7*s - 6. Let q(d) = b(d) - t(d). What is the remainder when q(3) is divided by 5?
1
Suppose 3*u = 0, 0 = -x - 3*u + 7*u + 1. Calculate the remainder when -2 - ((3 - x) + -10) is divided by 3.
0
What is the remainder when ((-8466)/(-60) - (-4)/10)*2 is divided by 19?
17
Let o(p) = -2*p. Let g be o(-1). Suppose 138 = -g*y - 22. Let z = y + 122. What is the remainder when z is divided by 15?
12
Let i(y) = -6*y + 4*y + 0 - 29 - 2*y. Calculate the remainder when i(-16) is divided by 10.
5
Let y be 4 - (30/(-35))/(2/14). What is the remainder when (-5)/(y/3)*-34 is divided by 26?
25
Let f(n) = -1 - 7*n - 1 + 0*n - 3. What is the remainder when 33 is divided by f(-2)?
6
Let z = 6 + -6. Suppose z = 3*x - 28 - 29. Calculate the remainder when x is divided by 4/6*33/2.
8
What is the remainder when 5*(46 - 1)/3 is divided by 12/(-10 - -12) + 10*2?
23
Suppose 2*z - g = 4 + 2, -5*z + 28 = 4*g. Let o(i) = -i**2 + 5 - z*i**2 + 0*i**2 + 7*i**2 - 5*i. Calculate the remainder when 48 is divided by o(4).
14
Let h(u) = u**3 + 15*u**2 - 18*u - 17. Calculate the remainder when 207 is divided by h(-16).
12
Let p(r) = 51*r**2 + 7*r - 5. Calculate the remainder when p(2) is divided by 31.
27
Let w(l) = 2*l**2 - 17*l - 21. Let z be w(10). Suppose -2*u + z*u = 91. Calculate the remainder when 51 is divided by u.
12
Let a = -58 + 190. Calculate the remainder when 261 is divided by a.
129
Let b(u) = u**2 + 28*u + 55. Let m be b(-26). Let r(v) = 12*v + 5. Calculate the remainder when 121 is divided by r(m).
39
Let n = -361 - -660. What is the remainder when n is divided by 15?
14
Let n(h) = 3*h**2 + h + 1. Let x be n(-1). Let a be (5/2)/(5/40). What is the remainder when 90/12*a/x is divided by 17?
16
Suppose 14 = 3*l - 4*m, -5*l + 14 = 15*m - 17*m. Let u = 5 + -2. What is the remainder when u is divided by l?
1
Let k = 35 - 18. Let y(b) be the first derivative of -7*b**2/2 - 3*b + 2. What is the remainder when y(-10) is divided by k?
16
What is the remainder when 13716/40 - -2*1/20 is divided by 43?
42
Calculate the remainder when 26 is divided by (42/49*-2)/(1/(-7)).
2
Let y(q) = q**3 + 4*q**2 - 7*q - 17. Let c = 2 - 11. Let h = -5 - c. What is the remainder when y(-3) is divided by h?
1
Suppose 11*z = 31 - 9. Suppose -2*u - 5*f + 29 = 0, -5*f = 6*u - 2*u - 33. Calculate the remainder when (25/(-15))/(z/(-6)) is divided by u.
1
What is the remainder when 13 is divided by ((-12)/42)/(18/(-252))?
1
Calculate the remainder when 9 + -8 - 136/(8/(-4)) is divided by 15.
9
Let i(v) = v**3 + 8*v**2 + 19. What is the remainder when 74 is divided by i(-8)?
17
Suppose -3 = -d, 0 = 2*x - 4*x - 4*d + 338. What is the remain